{"id":526,"date":"2026-02-17T10:52:45","date_gmt":"2026-02-17T10:52:45","guid":{"rendered":"https:\/\/genial-geotechnik.web.th-koeln.de\/?page_id=526"},"modified":"2026-02-24T09:57:25","modified_gmt":"2026-02-24T09:57:25","slug":"impressum","status":"publish","type":"page","link":"http:\/\/genial-geotechnik.web.th-koeln.de\/?page_id=526","title":{"rendered":"Impressum"},"content":{"rendered":"\t\t<div data-elementor-type=\"wp-page\" data-elementor-id=\"526\" class=\"elementor elementor-526\">\n\t\t\t\t<div class=\"elementor-element elementor-element-5ca481eb e-flex e-con-boxed e-con e-parent\" data-id=\"5ca481eb\" data-element_type=\"container\" data-e-type=\"container\">\n\t\t\t\t\t<div class=\"e-con-inner\">\n\t\t\t\t<div class=\"elementor-element elementor-element-39ed15e0 elementor-widget elementor-widget-heading\" data-id=\"39ed15e0\" data-element_type=\"widget\" data-e-type=\"widget\" data-widget_type=\"heading.default\">\n\t\t\t\t\t<h2 class=\"elementor-heading-title elementor-size-default\">Geotechnik-Netzwerk f\u00fcr Innovationen in der Lehre<\/h2>\t\t\t\t<\/div>\n\t\t\t\t\t<\/div>\n\t\t\t\t<\/div>\n\t\t<div class=\"elementor-element elementor-element-6ceb8299 e-grid e-con-boxed e-con e-parent\" data-id=\"6ceb8299\" data-element_type=\"container\" data-e-type=\"container\">\n\t\t\t\t\t<div class=\"e-con-inner\">\n\t\t\t\t<div class=\"elementor-element elementor-element-788aa71f elementor-align-center elementor-widget elementor-widget-button\" data-id=\"788aa71f\" data-element_type=\"widget\" data-e-type=\"widget\" data-widget_type=\"button.default\">\n\t\t\t\t\t\t\t\t\t\t<a class=\"elementor-button elementor-button-link elementor-size-sm\" href=\"https:\/\/www.genial-geotechnik.de\/\">\n\t\t\t\t\t\t<span class=\"elementor-button-content-wrapper\">\n\t\t\t\t\t\t\t\t\t<span class=\"elementor-button-text\">Netzwerk GeNIaL<\/span>\n\t\t\t\t\t<\/span>\n\t\t\t\t\t<\/a>\n\t\t\t\t\t\t\t\t<\/div>\n\t\t\t\t<div class=\"elementor-element elementor-element-7eecc486 elementor-align-center elementor-widget elementor-widget-button\" data-id=\"7eecc486\" data-element_type=\"widget\" data-e-type=\"widget\" data-widget_type=\"button.default\">\n\t\t\t\t\t\t\t\t\t\t<a class=\"elementor-button elementor-button-link elementor-size-sm\" href=\"https:\/\/genial-geotechnik.web.th-koeln.de\/?page_id=209\">\n\t\t\t\t\t\t<span class=\"elementor-button-content-wrapper\">\n\t\t\t\t\t\t\t\t\t<span class=\"elementor-button-text\">Personen<\/span>\n\t\t\t\t\t<\/span>\n\t\t\t\t\t<\/a>\n\t\t\t\t\t\t\t\t<\/div>\n\t\t\t\t<div class=\"elementor-element elementor-element-31bdd4b6 elementor-align-center elementor-widget elementor-widget-button\" data-id=\"31bdd4b6\" data-element_type=\"widget\" data-e-type=\"widget\" data-widget_type=\"button.default\">\n\t\t\t\t\t\t\t\t\t\t<a class=\"elementor-button elementor-button-link elementor-size-sm\" href=\"https:\/\/genial-geotechnik.web.th-koeln.de\/?page_id=223\">\n\t\t\t\t\t\t<span class=\"elementor-button-content-wrapper\">\n\t\t\t\t\t\t\t\t\t<span class=\"elementor-button-text\">Projekte<\/span>\n\t\t\t\t\t<\/span>\n\t\t\t\t\t<\/a>\n\t\t\t\t\t\t\t\t<\/div>\n\t\t\t\t<div class=\"elementor-element elementor-element-4262713 elementor-align-center elementor-widget elementor-widget-button\" data-id=\"4262713\" data-element_type=\"widget\" data-e-type=\"widget\" data-widget_type=\"button.default\">\n\t\t\t\t\t\t\t\t\t\t<a class=\"elementor-button elementor-button-link elementor-size-sm\" href=\"https:\/\/genial-geotechnik.web.th-koeln.de\/?page_id=246\">\n\t\t\t\t\t\t<span class=\"elementor-button-content-wrapper\">\n\t\t\t\t\t\t\t\t\t<span class=\"elementor-button-text\">Bisherige Treffen<\/span>\n\t\t\t\t\t<\/span>\n\t\t\t\t\t<\/a>\n\t\t\t\t\t\t\t\t<\/div>\n\t\t\t\t<div class=\"elementor-element elementor-element-1641b622 elementor-align-justify elementor-widget elementor-widget-button\" data-id=\"1641b622\" data-element_type=\"widget\" data-e-type=\"widget\" data-widget_type=\"button.default\">\n\t\t\t\t\t\t\t\t\t\t<a class=\"elementor-button elementor-button-link elementor-size-sm\" href=\"https:\/\/genial-geotechnik.web.th-koeln.de\/?page_id=257\">\n\t\t\t\t\t\t<span class=\"elementor-button-content-wrapper\">\n\t\t\t\t\t\t\t\t\t<span class=\"elementor-button-text\">Ver\u00f6ffentlichungen<\/span>\n\t\t\t\t\t<\/span>\n\t\t\t\t\t<\/a>\n\t\t\t\t\t\t\t\t<\/div>\n\t\t\t\t<div class=\"elementor-element elementor-element-54c5792f elementor-align-center elementor-widget elementor-widget-button\" data-id=\"54c5792f\" data-element_type=\"widget\" data-e-type=\"widget\" data-widget_type=\"button.default\">\n\t\t\t\t\t\t\t\t\t\t<a class=\"elementor-button elementor-button-link elementor-size-sm\" href=\"https:\/\/genial-geotechnik.web.th-koeln.de\/?page_id=195\">\n\t\t\t\t\t\t<span class=\"elementor-button-content-wrapper\">\n\t\t\t\t\t\t\t\t\t<span class=\"elementor-button-text\">Kontakt<\/span>\n\t\t\t\t\t<\/span>\n\t\t\t\t\t<\/a>\n\t\t\t\t\t\t\t\t<\/div>\n\t\t\t\t\t<\/div>\n\t\t\t\t<\/div>\n\t\t<div class=\"elementor-element elementor-element-2b8e5862 e-flex e-con-boxed e-con e-parent\" data-id=\"2b8e5862\" data-element_type=\"container\" data-e-type=\"container\">\n\t\t\t\t\t<div class=\"e-con-inner\">\n\t\t\t\t<div class=\"elementor-element elementor-element-295af691 elementor-widget-divider--view-line elementor-widget elementor-widget-divider\" data-id=\"295af691\" data-element_type=\"widget\" data-e-type=\"widget\" data-widget_type=\"divider.default\">\n\t\t\t\t\t\t\t<div class=\"elementor-divider\">\n\t\t\t<span class=\"elementor-divider-separator\">\n\t\t\t\t\t\t<\/span>\n\t\t<\/div>\n\t\t\t\t\t\t<\/div>\n\t\t\t\t<div class=\"elementor-element elementor-element-fb99c38 elementor-widget elementor-widget-heading\" data-id=\"fb99c38\" data-element_type=\"widget\" data-e-type=\"widget\" data-widget_type=\"heading.default\">\n\t\t\t\t\t<h2 class=\"elementor-heading-title elementor-size-default\">Impressum<\/h2>\t\t\t\t<\/div>\n\t\t\t\t<div class=\"elementor-element elementor-element-3746519a elementor-widget elementor-widget-text-editor\" data-id=\"3746519a\" data-element_type=\"widget\" data-e-type=\"widget\" data-widget_type=\"text-editor.default\">\n\t\t\t\t\t\t\t\t\t<p><span style=\"color: #333333;\"><a style=\"color: #333333;\" href=\"https:\/\/genial-geotechnik.web.th-koeln.de\/\" data-saferedirecturl=\"https:\/\/www.google.com\/url?q=https:\/\/genial-geotechnik.web.th-koeln.de\/&amp;source=gmail&amp;ust=1771408796293000&amp;usg=AOvVaw22lQ1mLqShBNpU_uHJpfBK\">https:\/\/genial-geotechnik.web.th-koeln.de\/<\/a>\u00a0ist ein Netzwerk f\u00fcr geotechnische Innovationen in der Lehre des Instituts\u00a0f\u00fcr Baustoffe, Geotechnik,\u00a0Verkehr und Wasser der TH K\u00f6ln.<\/span><br \/><br \/><span style=\"color: #333333;\">Verantwortlich<\/span><br \/><span style=\"color: #333333; font-style: inherit; font-weight: inherit;\">Prof. Dr. Christoph Budach<\/span><br \/><span style=\"color: #333333;\">TH K\u00f6ln<br \/><\/span><br \/><span style=\"color: #333333;\">Postanschrift:<\/span><br \/><span style=\"color: #333333;\">Gustav-Heinemann-Ufer 54<\/span><br \/><span style=\"color: #333333;\">50968 K\u00f6ln<\/span><br \/><br \/><span style=\"color: #333333;\">Hausanschrift:<\/span><br \/><span style=\"color: #333333;\">Campus Deutz<\/span><br \/><span style=\"color: #333333;\">Betzdorfer Stra\u00dfe 2<\/span><br \/><span style=\"color: #333333;\">50679 K\u00f6ln<\/span><br \/><br \/><span style=\"color: #333333;\">T: +49 221-8275-4239<\/span><br \/><span style=\"color: #333333;\">E:\u00a0<a style=\"color: #333333;\" href=\"mailto:christoph.budach@th-koeln.de\">christoph.budach@th-koeln.de<\/a><\/span><br \/><br \/><br \/><span style=\"color: #333333;\">Die TH K\u00f6ln (Technische Hochschule K\u00f6ln) ist eine K\u00f6rperschaft des \u00d6ffentlichen Rechts.<\/span><br \/><span style=\"color: #333333;\">Sie wird durch die Pr\u00e4sidentin Prof. Dr. Sylvia Heuchemer gesetzlich vertreten.<\/span><br \/><br \/><span style=\"color: #333333;\">Zust\u00e4ndige Aufsichtsbeh\u00f6rde:<\/span><br \/><br \/><br \/><span style=\"color: #333333;\">Ministerium f\u00fcr Kultur und Wissenschaft des Landes Nordrhein-Westfalen<\/span><br \/><span style=\"color: #333333;\">V\u00f6lklinger Str. 49<\/span><br \/><span style=\"color: #333333;\">40221 D\u00fcsseldorf<\/span><br \/><span style=\"color: #333333;\">T: +49 211-896-04<\/span><br \/><span style=\"color: #333333;\">F: +49 211-896-4555<\/span><br \/><span style=\"color: #333333;\"><a style=\"color: #333333;\" href=\"http:\/\/www.wissenschaft.nrw.de\/\" data-saferedirecturl=\"https:\/\/www.google.com\/url?q=http:\/\/www.wissenschaft.nrw.de\/&amp;source=gmail&amp;ust=1771408796293000&amp;usg=AOvVaw1qozv0PYgLeGBRs9RdJFJZ\">http:\/\/www.wissenschaft.nrw.de\/<\/a><\/span><\/p>\t\t\t\t\t\t\t\t<\/div>\n\t\t\t\t<div class=\"elementor-element elementor-element-1cd0b277 elementor-widget-divider--view-line elementor-widget elementor-widget-divider\" data-id=\"1cd0b277\" data-element_type=\"widget\" data-e-type=\"widget\" data-widget_type=\"divider.default\">\n\t\t\t\t\t\t\t<div class=\"elementor-divider\">\n\t\t\t<span class=\"elementor-divider-separator\">\n\t\t\t\t\t\t<\/span>\n\t\t<\/div>\n\t\t\t\t\t\t<\/div>\n\t\t\t\t\t<\/div>\n\t\t\t\t<\/div>\n\t\t<div class=\"elementor-element elementor-element-550a6fdf e-grid e-con-boxed e-con e-parent\" data-id=\"550a6fdf\" data-element_type=\"container\" data-e-type=\"container\">\n\t\t\t\t\t<div class=\"e-con-inner\">\n\t\t\t\t<div class=\"elementor-element elementor-element-587c1535 elementor-align-center elementor-widget elementor-widget-button\" data-id=\"587c1535\" data-element_type=\"widget\" data-e-type=\"widget\" data-widget_type=\"button.default\">\n\t\t\t\t\t\t\t\t\t\t<a class=\"elementor-button elementor-button-link elementor-size-sm\" href=\"#\">\n\t\t\t\t\t\t<span class=\"elementor-button-content-wrapper\">\n\t\t\t\t\t\t\t\t\t<span class=\"elementor-button-text\">Impressum<\/span>\n\t\t\t\t\t<\/span>\n\t\t\t\t\t<\/a>\n\t\t\t\t\t\t\t\t<\/div>\n\t\t\t\t<div class=\"elementor-element elementor-element-e72dc95 elementor-align-center elementor-widget elementor-widget-button\" data-id=\"e72dc95\" data-element_type=\"widget\" data-e-type=\"widget\" data-widget_type=\"button.default\">\n\t\t\t\t\t\t\t\t\t\t<a class=\"elementor-button elementor-button-link elementor-size-sm\" href=\"https:\/\/genial-geotechnik.web.th-koeln.de\/?page_id=534\">\n\t\t\t\t\t\t<span class=\"elementor-button-content-wrapper\">\n\t\t\t\t\t\t\t\t\t<span class=\"elementor-button-text\">Datenschutz<\/span>\n\t\t\t\t\t<\/span>\n\t\t\t\t\t<\/a>\n\t\t\t\t\t\t\t\t<\/div>\n\t\t\t\t\t<\/div>\n\t\t\t\t<\/div>\n\t\t\t\t<\/div>\n\t\t","protected":false},"excerpt":{"rendered":"<p>Geotechnik-Netzwerk f\u00fcr Innovationen in der Lehre Netzwerk GeNIaL Personen Projekte Bisherige Treffen Ver\u00f6ffentlichungen Kontakt Impressum https:\/\/genial-geotechnik.web.th-koeln.de\/\u00a0ist ein Netzwerk f\u00fcr geotechnische [&hellip;]<\/p>\n","protected":false},"author":1,"featured_media":0,"parent":0,"menu_order":0,"comment_status":"closed","ping_status":"closed","template":"","meta":{"site-sidebar-layout":"no-sidebar","site-content-layout":"","ast-site-content-layout":"full-width-container","site-content-style":"default","site-sidebar-style":"default","ast-global-header-display":"","ast-banner-title-visibility":"","ast-main-header-display":"","ast-hfb-above-header-display":"","ast-hfb-below-header-display":"","ast-hfb-mobile-header-display":"","site-post-title":"disabled","ast-breadcrumbs-content":"","ast-featured-img":"disabled","footer-sml-layout":"","ast-disable-related-posts":"","theme-transparent-header-meta":"","adv-header-id-meta":"","stick-header-meta":"","header-above-stick-meta":"","header-main-stick-meta":"","header-below-stick-meta":"","astra-migrate-meta-layouts":"default","ast-page-background-enabled":"default","ast-page-background-meta":{"desktop":{"background-color":"var(--ast-global-color-5)","background-image":"","background-repeat":"repeat","background-position":"center center","background-size":"auto","background-attachment":"scroll","background-type":"","background-media":"","overlay-type":"","overlay-color":"","overlay-opacity":"","overlay-gradient":""},"tablet":{"background-color":"","background-image":"","background-repeat":"repeat","background-position":"center center","background-size":"auto","background-attachment":"scroll","background-type":"","background-media":"","overlay-type":"","overlay-color":"","overlay-opacity":"","overlay-gradient":""},"mobile":{"background-color":"","background-image":"","background-repeat":"repeat","background-position":"center center","background-size":"auto","background-attachment":"scroll","background-type":"","background-media":"","overlay-type":"","overlay-color":"","overlay-opacity":"","overlay-gradient":""}},"ast-content-background-meta":{"desktop":{"background-color":"var(--ast-global-color-4)","background-image":"","background-repeat":"repeat","background-position":"center center","background-size":"auto","background-attachment":"scroll","background-type":"","background-media":"","overlay-type":"","overlay-color":"","overlay-opacity":"","overlay-gradient":""},"tablet":{"background-color":"var(--ast-global-color-4)","background-image":"","background-repeat":"repeat","background-position":"center center","background-size":"auto","background-attachment":"scroll","background-type":"","background-media":"","overlay-type":"","overlay-color":"","overlay-opacity":"","overlay-gradient":""},"mobile":{"background-color":"var(--ast-global-color-4)","background-image":"","background-repeat":"repeat","background-position":"center center","background-size":"auto","background-attachment":"scroll","background-type":"","background-media":"","overlay-type":"","overlay-color":"","overlay-opacity":"","overlay-gradient":""}},"footnotes":""},"class_list":["post-526","page","type-page","status-publish","hentry"],"_links":{"self":[{"href":"http:\/\/genial-geotechnik.web.th-koeln.de\/index.php?rest_route=\/wp\/v2\/pages\/526","targetHints":{"allow":["GET"]}}],"collection":[{"href":"http:\/\/genial-geotechnik.web.th-koeln.de\/index.php?rest_route=\/wp\/v2\/pages"}],"about":[{"href":"http:\/\/genial-geotechnik.web.th-koeln.de\/index.php?rest_route=\/wp\/v2\/types\/page"}],"author":[{"embeddable":true,"href":"http:\/\/genial-geotechnik.web.th-koeln.de\/index.php?rest_route=\/wp\/v2\/users\/1"}],"replies":[{"embeddable":true,"href":"http:\/\/genial-geotechnik.web.th-koeln.de\/index.php?rest_route=%2Fwp%2Fv2%2Fcomments&post=526"}],"version-history":[{"count":37,"href":"http:\/\/genial-geotechnik.web.th-koeln.de\/index.php?rest_route=\/wp\/v2\/pages\/526\/revisions"}],"predecessor-version":[{"id":705,"href":"http:\/\/genial-geotechnik.web.th-koeln.de\/index.php?rest_route=\/wp\/v2\/pages\/526\/revisions\/705"}],"wp:attachment":[{"href":"http:\/\/genial-geotechnik.web.th-koeln.de\/index.php?rest_route=%2Fwp%2Fv2%2Fmedia&parent=526"}],"curies":[{"name":"wp","href":"https:\/\/api.w.org\/{rel}","templated":true}]}}